{"id":74,"date":"2025-07-15T18:59:52","date_gmt":"2025-07-15T16:59:52","guid":{"rendered":"http:\/\/192.168.11.26\/pinatourskenya.com\/wordpress\/?page_id=74"},"modified":"2025-09-15T12:29:51","modified_gmt":"2025-09-15T10:29:51","slug":"chi-sono","status":"publish","type":"page","link":"https:\/\/pinatourskenya.com\/index.php\/chi-sono\/","title":{"rendered":"Chi sono"},"content":{"rendered":"\n<h1 class=\"wp-block-heading has-text-align-center\">Chi sono<\/h1>\n\n\n\n<p>Mi chiamo Elpinah Nangela Ndunda per tutti <strong>PINA<\/strong>, sono nata a Mombasa Kenya, dove vivo da pi\u00f9 di cinque anni,  la mia trib\u00f9 \u00e8 di Voi, una citta del Kenya a circa 300 km da Mombasa. Stagionalmente mi trasferisco a Watamu per lavoro, e da qui \u00e8 partito il mio desiderio di diventare guida turistica, per mostrare il mio meraviglioso paese ai turisti che ogni anno visitano il Kenya. Ho lavorato diverso tempo per alcune guide turistiche che effettuano escursioni e safari, sto imparando l&#8217;italiano, e voglio far crescere questa desiderio ed aprire una mia agenzia.<\/p>\n\n\n<div class=\"wp-block-image\">\n<figure class=\"aligncenter size-large\"><img loading=\"lazy\" decoding=\"async\" width=\"768\" height=\"1024\" src=\"https:\/\/pinatourskenya.com\/wp-content\/uploads\/2025\/09\/a3741607-af91-4efe-8a1d-49b297ce7557-768x1024.jpeg\" alt=\"\" class=\"wp-image-953\" srcset=\"https:\/\/pinatourskenya.com\/wp-content\/uploads\/2025\/09\/a3741607-af91-4efe-8a1d-49b297ce7557-768x1024.jpeg 768w, https:\/\/pinatourskenya.com\/wp-content\/uploads\/2025\/09\/a3741607-af91-4efe-8a1d-49b297ce7557-225x300.jpeg 225w, https:\/\/pinatourskenya.com\/wp-content\/uploads\/2025\/09\/a3741607-af91-4efe-8a1d-49b297ce7557-1152x1536.jpeg 1152w, https:\/\/pinatourskenya.com\/wp-content\/uploads\/2025\/09\/a3741607-af91-4efe-8a1d-49b297ce7557.jpeg 1200w\" sizes=\"auto, (max-width: 768px) 100vw, 768px\" \/><\/figure>\n<\/div>","protected":false},"excerpt":{"rendered":"<p>Chi sono Mi chiamo Elpinah Nangela Ndunda per tutti PINA, sono nata a Mombasa Kenya, dove vivo da pi\u00f9 di cinque anni, la mia trib\u00f9 \u00e8 di Voi, una citta del Kenya a circa 300 km da Mombasa. Stagionalmente mi trasferisco a Watamu per lavoro, e da qui \u00e8 partito il mio desiderio di diventare [&hellip;]<\/p>\n","protected":false},"author":1,"featured_media":0,"parent":0,"menu_order":0,"comment_status":"closed","ping_status":"closed","template":"","meta":{"footnotes":""},"class_list":["post-74","page","type-page","status-publish","hentry","travel-monster-post","no-post-thumbnail","latest_post"],"_links":{"self":[{"href":"https:\/\/pinatourskenya.com\/index.php\/wp-json\/wp\/v2\/pages\/74","targetHints":{"allow":["GET"]}}],"collection":[{"href":"https:\/\/pinatourskenya.com\/index.php\/wp-json\/wp\/v2\/pages"}],"about":[{"href":"https:\/\/pinatourskenya.com\/index.php\/wp-json\/wp\/v2\/types\/page"}],"author":[{"embeddable":true,"href":"https:\/\/pinatourskenya.com\/index.php\/wp-json\/wp\/v2\/users\/1"}],"replies":[{"embeddable":true,"href":"https:\/\/pinatourskenya.com\/index.php\/wp-json\/wp\/v2\/comments?post=74"}],"version-history":[{"count":9,"href":"https:\/\/pinatourskenya.com\/index.php\/wp-json\/wp\/v2\/pages\/74\/revisions"}],"predecessor-version":[{"id":986,"href":"https:\/\/pinatourskenya.com\/index.php\/wp-json\/wp\/v2\/pages\/74\/revisions\/986"}],"wp:attachment":[{"href":"https:\/\/pinatourskenya.com\/index.php\/wp-json\/wp\/v2\/media?parent=74"}],"curies":[{"name":"wp","href":"https:\/\/api.w.org\/{rel}","templated":true}]}}